24)?
-32
Let z(b) be the first derivative of b**2 - 4*b + 4815. Suppose -s + 4*r + 4 = s, -2*r + 4 = 2*s. Suppose 18 = 5*a - s*a. What is z(a)?
8
Suppose -5*t + 30 = 8*x - 3*x, -5*t - 2*x + 45 = 0. Let d(u) = 17*u**2 + 8*u - 1. Let w(z) = -10*z**2 - 7*z. Let s(y) = 3*d(y) + 5*w(y). What is s(t)?
-3
Let h(p) = 2 + 3 + 1. Let o(m) = -m - 31. Let f = -685 - -674. Let s(a) = f*h(a) - 2*o(a). Give s(3).
2
Let f = 47 + -51. Let m(z) be the second derivative of -1/3*z**3 - 5/2*z**2 + 0 + 3*z. Give m(f).
3
Let f(k) = -4*k**2 + 82*k + 27. Let p be (-12)/(-18)*-6 + 4/(16/100). What is f(p)?
-15
Suppose -10 = -3*w - 4. Let u(m) be the second derivative of -m**6/40 + m**5/30 + m**4/12 + 13*m**2 - 13*m. Let o(v) be the first derivative of u(v). Give o(w).
-12
Let s be (3/9 - ((-7)/(-3) - -4)) + -2. Let d(o) = -2*o**2 - 13*o. What is d(s)?
-24
Let l(z) be the second derivative of -z**5/20 + z**4/6 - 104*z. Let r be (-16)/(-12) - 3/9. Suppose -b + r = -4*b + 2*h, -4*b = h - 6. Give l(b).
1
Let j(c) = -7*c - 118. Suppose -44*i - 39*i - 2325 = 72*i. Calculate j(i).
-13
Let x(f) be the third derivative of -f**5/60 - 19*f**4/24 - 29*f**3/6 - 1091*f**2 - 2*f. Give x(-14).
41
Let m(u) = 0*u - u + 3*u + 3. Let o(i) = 2*i**3 - 40*i**2 + 3*i + 42. Let k be o(20). Suppose 0 = 11*s - 58 + k. Give m(s).
-5
Let l = -7332 - -7341. Let p(h) = h**2 - 12*h + 30. What is p(l)?
3
Suppose 11*b - 2341 = 178*b - 671. Let q(l) = 6*l + 38. Determine q(b).
-22
Suppose -3*l = -0*l - 3. Let n(z) = -z**2 + 11*z - 22. Let o be n(3). Let j(i) = -48*i**3 + 1 + 9*i**3 + i**o + 18*i**3 - 2*i + 12*i**3. Determine j(l).
-9
Let n(p) = 0*p + 2*p**2 + 5*p + 2 - 3*p**2. Let g = -55 + -118. Let w = -167 - g. Calculate n(w).
-4
Let a = -10 - -6. Let f(l) be the third derivative of l**4/8 + 2*l**3/3 + 3843*l**2. What is f(a)?
-8
Let f(h) = -13*h - 131. Let l(s) = 24*s + 242. Let c(u) = -11*f(u) - 6*l(u). What is c(-4)?
-7
Let n = 277 - 50. Let k = -231 + n. Let q(s) = -2*s**2 - 6*s. Give q(k).
-8
Let d = 125 - 123. Let q(n) = -11*n - 3*n**d - 5 + 5*n**2 - 3*n**2 + 7. What is q(-12)?
-10
Let a be 3 + 0 + 11 + 110/(-10). Let p(f) = f**2 - 3*f - 8. Let g(x) = 5*x**2 - 14*x - 42. Let z(o) = 2*g(o) - 11*p(o). What is z(a)?
10
Let l(m) be the first derivative of -m**5/60 - m**4/6 + 7*m**3/6 - 86*m**2 - 171. Let n(g) be the second derivative of l(g). Give n(-7).
-14
Let n(c) = c + 12. Let s(p) = -3*p**2 - 6*p. Let v be s(-2). Suppose v = 2*j - 2*k + 18, -4*j + 5*k + 7 = 48. Calculate n(j).
8
Let g(j) = -2*j**3 - 24*j**2 - 22*j + 6. Let h(k) = 737*k - 8855. Let d be h(12). Give g(d).
6
Let j be 15 + ((-1)/2)/(7/(-70)). Suppose -9*m + j = m. Let c(v) = v**2 - v - 1. Determine c(m).
1
Let w(s) = -7*s + 29. Let b be w(5). Let a(h) = -28*h + 12*h + 7*h + 12*h + 7. Give a(b).
-11
Let n(i) be the third derivative of -i**5/5 + i**3/6 + 113*i**2. Let q = 428 - 429. Calculate n(q).
-11
Let d be 1*(-4 - -9 - -1). Let m(g) = 7*g**3 + 7*g**2 + 7*g + 9. Let l(p) = -p**3. Let z(u) = d*l(u) + m(u). Give z(-6).
3
Let j be ((-6948)/(-965))/(1/(-5)). Let g(x) = x**2 + 37*x + 33. Give g(j).
-3
Let g(q) be the third derivative of -q**8/3360 - q**7/1260 + q**5/120 - 17*q**4/12 + q**3/6 - 11*q**2. Let o(d) be the second derivative of g(d). Give o(-1).
1
Let a be (0/(12/3))/3. Let b(x) = 995 + 4*x - 511 - 500 - 3*x. What is b(a)?
-16
Suppose -5*z - 13*p + 12*p = 98, -5*z = -2*p + 104. Let h(f) = -f**2 - 17*f + 47. Determine h(z).
-13
Let n(h) be the first derivative of -11/2*h**2 + 1/60*h**5 - 1/8*h**4 + 6 + 0*h + h**3. Let z(d) be the second derivative of n(d). What is z(4)?
10
Let l(o) = -2*o - 23. Suppose 3*q - 9*y + 12*y = -36, 16 = -4*y. Determine l(q).
-7
Let f be 18/(-63) - (948/21)/(-4). Suppose -j + 3*c = f, 2*j - 31 = 6*j + c. Let y(r) = -r**3 - 7*r**2 + 8*r + 7. Give y(j).
7
Let j = 864 - 861. Let d(w) = -2*w**2 - 15*w + 3. Let k(n) = n**2 + 11*n - 2. Let r(o) = j*k(o) + 2*d(o). Give r(4).
-4
Let f be 42/((-6)/(-2) + -1 + 0). Let d = f + -15. Let z(b) = b**2 - 1 + 5*b**2 - 4 - b**3 - 2*b**2 + d*b. Give z(5).
0
Let h(g) = -4*g**3 - 30*g**2 - 3*g - 3. Suppose l - 14 = -7*d, 105*d - 102*d = -3*l - 12. Calculate h(l).
-80
Let k = 61 + -58. Suppose -z = -k*u - u + 10, 5*u - 5*z - 20 = 0. Let i(a) = 4*a**2 - 1. What is i(u)?
15
Suppose -u - 10 = 3*b, -10 = 2*u - b + 10. Let j = 62 - u. Let g be j/(-3 + -3)*(-2)/(-4). Let y(h) = h - 1. Calculate y(g).
-7
Let s(r) = 4*r**2 + 9*r + 49. Let t(b) = -3*b**2 - 9*b - 48. Let z(y) = -4*s(y) - 5*t(y). Calculate z(12).
8
Let y(d) = d**3 + d**2 - 10*d - 13. Let l be 57/(-38) - 11/22. Determine y(l).
3
Let q = -14 - -306. Suppose -q = -8*p - 236. Let h(l) = -2*l + 14. Calculate h(p).
0
Let v be (3/(-2))/(12/16). Let d be (10/6 - 1) + (-4)/(-3). Let z(c) = 38*c + 2 + c**3 - 378*c**d + 380*c**2 - 34*c. Calculate z(v).
-6
Let d be 5/15*698 + 3/9. Suppose d*b + 15 = 238*b. Let o(k) = -k**2 - k - 4. Give o(b).
-16
Suppose 5*d + 2*p - 7 = 0, -4*d - 11*p = -16*p - 32. Let g(a) be the first derivative of 41 + 1/4*a**4 + d*a + 1/2*a**2 + 4/3*a**3. What is g(-4)?
-1
Let h(y) = -4*y - 55. Let o be h(-14). Let x = 22 + -21. Let d(v) = -x + 6*v - 4*v**2 + 7 - v**3 - o. Calculate d(-5).
0
Let b(o) be the first derivative of -7*o**2/2 + o + 13. Let m(y) = 3*y - 24. Let w(n) = -n + 1. Let f(c) = m(c) + w(c). Let l be f(12). Determine b(l).
-6
Let d(u) = -5*u**2 - 6*u + 283. Let g(q) = 2*q**2 + 2*q - 111. Let k(y) = 3*d(y) + 8*g(y). Determine k(-6).
9
Let i be (-28)/6 + 4/(-12). Suppose 83 = -0*w + 3*w + 4*k, -k = -2*w + 37. Let x(v) = 5*v**3 - 6*v + 15*v**3 + 4 - w*v**3 - 6*v**2. Determine x(i).
9
Let r be ((-585)/4914)/(10/(-7)). Let t(c) be the third derivative of 2/3*c**3 + 0 - 4*c**2 + 0*c - r*c**4. Give t(3).
-2
Let u(w) = -2*w + 6. Let o = 256 + -252. Suppose 0 = 2*p + 2*t - 4, -2*p - 16 = -o*p + 2*t. What is u(p)?
-4
Let w(r) = -8*r**2 + r - 2. Let q(h) = h**3 + 7*h**2 - 4*h + 50. Let t be q(-8). Suppose t*u - 8 = 14*u. Determine w(u).
-32
Let b(y) = -7*y**2 + 72*y - 17. Let z be ((-71)/497 + 37/14)/(3/12). Determine b(z).
3
Let j(n) = 2*n - 13 - 14*n + 13 - 17*n + 29 + 2*n**2. What is j(12)?
-31
Let r(t) = -3*t**3 - 32*t**2 + 9*t - 31. Let l(k) = 13*k**3 + 142*k**2 - 40*k + 139. Let g(s) = -5*l(s) - 22*r(s). Give g(6).
-1
Let x(t) = t**3 - 3*t**2 - 22*t + 31. Suppose -15*c - 14 = -22*c + 28. What is x(c)?
7
Let b(i) be the third derivative of -i**5/60 - 5*i**4/24 - i**3/2 - i**2. Suppose -92 = -26*p + 3*p. Let o(s) = 7*s - 34. Let a be o(p). Calculate b(a).
-9
Let o be (57 - 5) + (4 - 2). Let n = o + -57. Let v(l) = -2*l + 2. What is v(n)?
8
Let t(n) = 9*n**2 + 7*n - 20 - 15 + 32 + n**3. Let o be t(-8). Let m(x) = -19 + 35 - 15 - 2*x - o*x. Give m(2).
-13
Let w(n) = 5*n**2 + n. Let z(g) = -2 - g + 2 - 15*g**2 - g. Suppose 4*r - 41 = -3*i, -3*i - 46 = -5*r - 5*i. Let x(q) = r*w(q) + 3*z(q). Give x(-2).
-24
Suppose -4*z + 20 = t, 2*t + 32 = 7*z - 3*z. Let r = 53 - 52. Let u(m) = -r - z + m + 2*m. Give u(5).
8
Let j(q) = -3*q**2 - 2*q - 10. Let x(a) = -5*a**2 - 4*a - 15. Let u(y) = 8*j(y) - 5*x(y). Suppose 0 = s + 7*s + 40. Give u(s).
0
Let l = 5 + 8. Let d(c) = 14*c - c**3 + 7*c**2 - l*c - 9*c + 7. Suppose 0 = 5*x - 2*g - 34, -4*x = -5*g - 48 + 14. Determine d(x).
-5
Let z(g) = 7*g + 137. Let u = 4116 + -4136. What is z(u)?
-3
Let s(p) = 2166*p**2 - 3 - 2167*p**2 - 10*p - 2. Calculate s(-3).
16
Suppose 12*l = -14*l + 27*l. Let s be 1*(l + 0 + 0). Let v(h) = 7*h + 21 + 5*h - 13*h. Determine v(s).
21
Let f(s) = -13*s + 17. Suppose -2*r - q + 6 = 0, -3*q + 24 = r + 11. Calculate f(r).
4
Let l = -145 + 146. Suppose -c = 4*c - 25. Let a(y) = 128*y**2 - 2 + c*y + l - 127*y**2. Give a(-6).
5
Suppose -5*h = -2*h - x - 2, 0 = -5*h - 2*x - 4. Suppose -5*v - 22 = b - h*v, -2*v = b + 7. Let c(t) = -t**b + 5 - 4*t + 3*t - 3*t + 5*t**2. Give c(5).
-15
Let g(c) = -1 - 2*c**2 + 5*c**2 + 2 - 4*c**2 - c. Let m(h) = -3*h**2 - 6*h + 5. Let k(d) = -6*g(d) + m(d). Suppose -7*o + 8 = -6. Give k(o).
11
Suppose 0 = -3*w + 25 - 19. Suppose -3*s + r = -11 + 4, -w*r = -4*s + 8. Let k(j) = 5*j - 6. Calculate k(s).
9
Suppose -26*x + 411 + 213 = 0. Suppose -x*p + 11 = -23*p + 5*t, p - 2 = 4*t. Let z(c) = c**3 - 6*c**2 + 8. What is z(p)?
8
Let j(y) = -8*y + 3. Let k be (2/1*2)/((-4)/(-8)). Suppose 0 = d + 3*d - k. Determine